ppose 0 = 5*q - 3*q - 24. Let l(z) = z**2 - 11*z - 13. Let d be l(q). Is d/2 + 6030/20 prime?
False
Let k(v) = -5*v**3 - 6*v**2 - 20*v - 77. Is k(-18) composite?
True
Let o(d) = -d**2 + d - 4. Let z be o(0). Let b(p) = -p - 2. Let u be b(z). Suppose u*s = s + 35. Is s composite?
True
Suppose -5*g + 115 = -4*b - 0*g, 0 = -3*b - g - 91. Is -4*5/b*5013/6 a composite number?
False
Let u(j) = -2*j**3 - 11*j**2 + 8*j + 1. Let i(r) = -r**2 + 2*r + 38. Let l be i(-6). Is u(l) a prime number?
True
Is (-2 - 28/7) + 2423 composite?
False
Let f be -2 - 0 - (-1357 + -3)/2. Suppose 2*z = f + 380. Is z a composite number?
True
Suppose 8*h + 3*n - 20842 = 4*h, 4*h - 20830 = 3*n. Is h a prime number?
True
Let h(y) = 8*y**2 - 40*y - 441. Is h(-32) a prime number?
False
Let y = 295 + -506. Let j = y + 918. Is j composite?
True
Suppose z - 10255 = -0*s - 2*s, -2*s = 5*z - 51291. Is z a composite number?
False
Let s be (-96)/(-4) - (-1 - -4). Is (-1229)/(-3) - 7/(s/2) a composite number?
False
Let m be 2 - (2 - (36 - 1)). Suppose -1082 = m*n - 37*n. Is n prime?
True
Suppose 3 - 11 = -4*x - 5*z, x + 2*z = 2. Let y(a) = 0*a**2 + a + 1 - 3*a**2 + a**x + a**2 + a**3. Is y(6) a prime number?
False
Let a = -30 - -34. Suppose 0 = a*i - h - h - 7740, -1928 = -i - 3*h. Is i a composite number?
True
Let p = 49 - 86. Let w = p + 40. Suppose -5*y + 2747 = w*r, -5*y + 4*r - 2*r = -2727. Is y a prime number?
True
Is (-919*10/15)/((-2)/177) a prime number?
False
Suppose -3*y + 9 = 24. Let w be 1 + 2 + 5 + y. Is w*((-762)/9)/(-2) composite?
False
Let j = -10 - -12. Let f be (1/j)/(8/64). Suppose -g + 1201 = 5*v, f*g - 2*g - 2428 = 3*v. Is g a composite number?
True
Suppose 7*p - 12 = -5*p. Suppose 1 = 2*b - 9. Suppose 29 = b*c - p. Is c prime?
False
Suppose 10*y + 4092 = 21*y. Suppose -y = -7*d - 1. Is d a composite number?
False
Let c = 21 - 14. Suppose c*f = 613 + 304. Is f a composite number?
False
Let j be 84/(-1*(-8)/4). Suppose -2 = -2*z - 0. Is j*(-8)/(-6) - z prime?
False
Let r be (4 + (-28)/4)*-1. Suppose 3*w = w - 2*z + 1762, -2*z - 2633 = -r*w. Suppose w = 4*n - n. Is n prime?
True
Let g(j) = -5*j**2 + 10*j - 3. Let c(y) = 11*y**2 - 21*y + 5. Let i(f) = -4*c(f) - 9*g(f). Let n = 89 + -79. Is i(n) a composite number?
False
Suppose -5*u + 8830 = 3*l - 7228, l = 3*u + 5348. Is l prime?
True
Let g be 11*1*(4 - 3). Suppose 6*h + 1410 = g*h. Suppose q = -h + 869. Is q a prime number?
True
Suppose -3*a + 12 = -3. Suppose -a*c - 2 = -2*d - 2*d, 0 = 5*d + 3*c - 21. Suppose -23 = d*o + 3*p - 134, -5*p - 5 = 0. Is o prime?
False
Let l = 3785 - 276. Suppose -u + 4*i + 693 = 0, -5*u - 2*i = -0*u - l. Is u a composite number?
False
Let o(z) = 417*z - 32. Is o(7) a prime number?
True
Suppose -5*f - 3*k - 2*k = 2605, 3*k - 509 = f. Let b = 695 - f. Is b prime?
True
Let t(v) = 57*v**2 - 9*v + 1. Let c(w) = -3*w + 16. Let i be c(7). Let l be (-17)/i + (-16)/40. Is t(l) prime?
True
Let r(k) be the second derivative of 13/12*k**4 + 5*k + 11/2*k**2 + 0 - 5/3*k**3. Is r(6) a prime number?
True
Let q(h) = -3095*h + 136. Is q(-5) a prime number?
False
Suppose r - 5*w = 7, -6*r + 4*r + 39 = -5*w. Suppose -3*d = d - 440. Suppose -2*g - 4*y + d = 0, 2*g + y - 142 = -r. Is g composite?
True
Let d = 5365 - -2628. Is d a composite number?
False
Suppose -5*g - 31 = 4*h - 8, 3*h = -2*g - 5. Let a = -7 - g. Suppose -3*x + 141 = -a*x. Is x composite?
False
Let d(c) be the third derivative of -53*c**7/5040 - c**6/720 + c**5/30 + 3*c**2. Let f(j) be the third derivative of d(j). Is f(-4) prime?
True
Is (-5)/30 + 96892/24 prime?
False
Let q = 6 - -2. Let p be ((-76)/q)/(3/(-6)). Let t(v) = -v**3 + 19*v**2 + 24*v + 1. Is t(p) prime?
True
Suppose 116*b + 11028 = 128*b. Is b composite?
False
Is (-7 + 1994/(-6))/((-2)/3) a composite number?
False
Let c = 6275 - 2732. Is c composite?
True
Suppose -4*m - 7*m + 48499 = 0. Is m prime?
True
Let i be (-5 - -5)/(-2*1). Suppose a = -i*a + 4. Suppose -k - a*l = -45, -k + 3*l + 39 = 4*l. Is k a composite number?
False
Suppose -3 = -g, -4*q = -7*q - 2*g + 20937. Is q a composite number?
False
Let w(o) = 34*o**3 - 2*o**2 + 1. Let x be w(-1). Let r = x + 25. Is (r/6)/(2/(-42)) a prime number?
False
Suppose -5*j = -q - 276140, -276155 = -2*j - 3*j - 2*q. Is j composite?
False
Let t be (-2 + 0)/(28/(-42)). Let r be (-2 - 10/4)*-4. Is t*-3*(-158)/r a composite number?
False
Let l = 9791 + -6300. Is l a composite number?
False
Suppose -5*t = -t - 384. Suppose -3*k + 102 = -6*k. Let l = t + k. Is l prime?
False
Let s be ((-4)/(-10))/(6/30). Suppose 5*o - s*a = -a - 44, 2*a = 2*o + 16. Is ((-194)/4)/(o/18) a prime number?
True
Is (22/3)/(56/3444) prime?
False
Let u = -21 - -6. Let d be 6/u - 54/(-10). Is (d/(-2) + -1)*-454 a prime number?
False
Let p(w) = -w**2 - 17*w - 3. Let f be p(-10). Let z(s) = -66*s**3 + 13*s**2 - 1 + f*s**3 + 2 - 4*s. Is z(-13) a prime number?
True
Let x = 26 - 30. Is 885/6*x/(-10) a composite number?
False
Let m(d) = -2*d**2 - d + 12*d**3 + 44*d**3 - 15*d**3. Let h be m(2). Let p = 77 + h. Is p a prime number?
False
Let l = -104 - -100. Let w = l + 41. Is w prime?
True
Let l be (-5)/(-3) + (-1)/(-3). Let u be (l + 36/(-15))*-5. Suppose -425 = -u*w + 233. Is w composite?
True
Suppose -2*k - 2*k = 4. Let j be (-250)/(1/(0 - k)). Let c = j - -429. Is c prime?
True
Is (-68822 + -7)*12/(-18) prime?
False
Is (-2)/6 + (-573426)/(-81) a prime number?
True
Suppose 0 = -2*t + 3*t + 2. Let j = -6 - t. Is (-2)/1*98/j a composite number?
True
Let h = -308 - -124. Let t = h + 263. Is t prime?
True
Suppose -2 = 4*u - 5*u. Let y be (-1)/(u/(-4)) - -13. Suppose 3*i + y = 78. Is i a composite number?
True
Suppose 0*a + 16*a - 30224 = 0. Is a composite?
False
Let i be (-1)/(-4) - (-28047)/(-12). Let f be i/(-9) - (-4)/(-6). Let m = 518 - f. Is m a composite number?
True
Suppose -2*l + 3*l = 5*w + 2, -3*l - 11 = 2*w. Let t(u) = -260*u - 3. Is t(w) prime?
True
Let h = -2748 - -4094. Suppose -5*y = 3*v - 796 - 1223, 0 = 2*v - 2*y - h. Is v composite?
False
Let f(i) = -662*i + 101. Is f(-6) composite?
False
Suppose 7*p + 1130 - 4917 = 0. Is p a prime number?
True
Suppose 4*c = -5*u + 12159, 20*c - 15*c = -5*u + 15200. Is c a composite number?
False
Let y be (-16)/4 + -3 + 0. Let s(v) = -3*v**3 - 8*v**2 - 9*v - 5. Is s(y) a composite number?
True
Suppose 1 = 4*a + 5, -f + a = 2729. Let k = 4913 + f. Is k a composite number?
True
Suppose 2*g + 3539 - 10667 = -3*u, 3*g + 11861 = 5*u. Suppose 2*h + u = 2*c, -c + 328 = -4*h - 859. Is c composite?
False
Let z(v) = -v - 10. Let x be z(-10). Suppose 3*j - 3*r - 3 + x = 0, 5*j - 21 = -3*r. Suppose 4*q = -3*l + 266, -l = -6*l + j*q + 482. Is l a prime number?
False
Suppose -327 - 78 = 27*o. Let z(k) = -k**3 + k**2 + k + 5. Let w be z(0). Is (-6)/o - (-393)/w composite?
False
Suppose 4*b - 2697 = b - 2*s, -4*b - 5*s = -3589. Is b a composite number?
True
Let n = 856 + -1818. Is n/(-4) + 1/(-2) + -1 composite?
False
Suppose 3*g = 6*g. Let f(s) = -s**2 + s - 420. Let w be f(g). Let j = 599 + w. Is j composite?
False
Suppose 15 = -5*h, 0 = -3*i + 4*h + 663 + 876. Let k = i + -216. Is k a prime number?
True
Let g(y) = -y**3 + 9*y**2 + 11*y + 9. Let t be g(10). Let s = t - -28. Is s composite?
False
Let c(m) = 3*m**2 - 9*m - 9. Let w be (-1106)/(-30) - 4/(-30). Suppose 5*q = d + w, 3*q + 5*d - 29 - 10 = 0. Is c(q) a prime number?
False
Let i be (-195)/(-15) - (1 - 0). Suppose -11805 + 3189 = -i*z. Is z a composite number?
True
Suppose 3 = -2*i - 1, 3*o - 5*i + 155 = 0. Let k = o - -90. Is (-14)/k - (-2001)/15 a prime number?
False
Is 6/1*57554/84 composite?
False
Let o be ((-4)/7)/(4/(-14)). Suppose 6492 = -o*a + 14*a. Is a a prime number?
True
Let t(n) = n + 14. Let x be t(9). Let k = x - 19. Suppose -1023 = k*a - 7*a. Is a prime?
False
Let h(a) = 2*a**3 - 4*a**2 + 4*a - 11. Let c be h(8). Is ((-4)/1)/(-12)*c a prime number?
True
Suppose 0 = -r - 2 + 3, 0 = 3*g + 4*r - 41857. Is g prime?
False
Let x(p) = p**3 - 10*p**2 + 11*p - 1. Let v be x(9). Let b = v + -21. Is 1/(b + (-1690)/(-422)) prime?
True
Suppose 2*i - 5*i + 75 = 0. Let n = i - -198. Is n a composite number?
False
Let c(l) = -l**2 + 13*l + 16. Let o be c(14). Suppose -o*n = -10, 3*v - 420 = -0*v + 3*n. Is v composite?
True
Suppose 0 = 9*y + 4264 - 11725. Is y composite?
Fal